{"id":90,"date":"2025-04-04T11:42:04","date_gmt":"2025-04-04T09:42:04","guid":{"rendered":"https:\/\/hardcore-gates.51-91-120-226.plesk.page\/?page_id=90"},"modified":"2025-05-13T10:45:12","modified_gmt":"2025-05-13T08:45:12","slug":"organigramme","status":"publish","type":"page","link":"https:\/\/hardcore-gates.51-91-120-226.plesk.page\/index.php\/organigramme\/","title":{"rendered":"Organigramme"},"content":{"rendered":"<div class=\"wpb-content-wrapper\"><p>[vc_row][vc_column][vc_column_text css=\u00a0\u00bb\u00a0\u00bb]<\/p>\n<h1>Organigramme<\/h1>\n<p>[\/vc_column_text][\/vc_column][\/vc_row][vc_row css=\u00a0\u00bb.vc_custom_1747125735441{margin-bottom: 0px !important;padding-bottom: 0px !important;}\u00a0\u00bb][vc_column][vc_column_text css=\u00a0\u00bb.vc_custom_1747125749039{margin-bottom: 0px !important;padding-bottom: 0px !important;}\u00a0\u00bb]<strong>Cyrielle PREVOTEAUX<\/strong><br \/>\nResponsable des publics<\/p>\n<p><strong>Mathilde DESPREZ<\/strong><br \/>\nCharg\u00e9e de communication et partenariats<\/p>\n<p><strong>Val\u00e9rie TRINDADE<\/strong><br \/>\nAgent administratif et de surveillance<\/p>\n<p><strong>Florent PRATOUSSY<\/strong><br \/>\nAgent technique de r\u00e9gie et de surveillance<\/p>\n<p><strong>Laurent SOULLARD<\/strong><br \/>\nAgent technique de r\u00e9gie et de surveillance<\/p>\n<p><strong>Sylvie RICHOUX<\/strong><br \/>\nResponsable des collections<\/p>\n<p>[\/vc_column_text][\/vc_column][\/vc_row][vc_row css=\u00a0\u00bb.vc_custom_1747125718219{margin-top: 0px !important;margin-left: 5px !important;border-top-width: 0px !important;border-left-width: 2px !important;padding-top: 0px !important;padding-left: 15px !important;border-left-style: solid !important;border-top-style: solid !important;border-radius: 2px !important;border-color: #0346D5 !important;}\u00a0\u00bb][vc_column css=\u00a0\u00bb.vc_custom_1744962163434{border-left-width: 2px !important;padding-left: 10px !important;border-radius: 2px !important;border-color: #1E73BE !important;}\u00a0\u00bb][vc_column_text css=\u00a0\u00bb.vc_custom_1747125835205{margin-top: 0px !important;margin-bottom: 0px !important;border-top-width: 0px !important;padding-top: 0px !important;}\u00a0\u00bb]<strong>Am\u00e9lie BUDZYNOWSKI<\/strong><br \/>\nAssistante de conservation<\/p>\n<p><strong>Laurent MARCEAU<\/strong><br \/>\nAssistant de conservation<\/p>\n<p><strong>Clotilde MICHON<\/strong><br \/>\nAssistante de conservation[\/vc_column_text][\/vc_column][\/vc_row]<\/p>\n<\/div>","protected":false},"excerpt":{"rendered":"<p>[vc_row][vc_column][vc_column_text css=\u00a0\u00bb\u00a0\u00bb] Organigramme [\/vc_column_text][\/vc_column][\/vc_row][vc_row css=\u00a0\u00bb.vc_custom_1747125735441{margin-bottom: 0px !important;padding-bottom: 0px !important;}\u00a0\u00bb][vc_column][vc_column_text css=\u00a0\u00bb.vc_custom_1747125749039{margin-bottom: 0px !important;padding-bottom: 0px !important;}\u00a0\u00bb]Cyrielle PREVOTEAUX Responsable des publics Mathilde DESPREZ Charg\u00e9e de communication et partenariats Val\u00e9rie TRINDADE Agent administratif et de surveillance Florent PRATOUSSY Agent technique de r\u00e9gie et de surveillance Laurent SOULLARD Agent technique de r\u00e9gie et de surveillance Sylvie RICHOUX Responsable des collections&hellip;<\/p>\n","protected":false},"author":1,"featured_media":0,"parent":0,"menu_order":0,"comment_status":"closed","ping_status":"closed","template":"","meta":{"footnotes":""},"class_list":["post-90","page","type-page","status-publish","hentry","description-off"],"_links":{"self":[{"href":"https:\/\/hardcore-gates.51-91-120-226.plesk.page\/index.php\/wp-json\/wp\/v2\/pages\/90","targetHints":{"allow":["GET"]}}],"collection":[{"href":"https:\/\/hardcore-gates.51-91-120-226.plesk.page\/index.php\/wp-json\/wp\/v2\/pages"}],"about":[{"href":"https:\/\/hardcore-gates.51-91-120-226.plesk.page\/index.php\/wp-json\/wp\/v2\/types\/page"}],"author":[{"embeddable":true,"href":"https:\/\/hardcore-gates.51-91-120-226.plesk.page\/index.php\/wp-json\/wp\/v2\/users\/1"}],"replies":[{"embeddable":true,"href":"https:\/\/hardcore-gates.51-91-120-226.plesk.page\/index.php\/wp-json\/wp\/v2\/comments?post=90"}],"version-history":[{"count":6,"href":"https:\/\/hardcore-gates.51-91-120-226.plesk.page\/index.php\/wp-json\/wp\/v2\/pages\/90\/revisions"}],"predecessor-version":[{"id":120,"href":"https:\/\/hardcore-gates.51-91-120-226.plesk.page\/index.php\/wp-json\/wp\/v2\/pages\/90\/revisions\/120"}],"wp:attachment":[{"href":"https:\/\/hardcore-gates.51-91-120-226.plesk.page\/index.php\/wp-json\/wp\/v2\/media?parent=90"}],"curies":[{"name":"wp","href":"https:\/\/api.w.org\/{rel}","templated":true}]}}