{"id":7,"date":"2025-03-03T16:39:27","date_gmt":"2025-03-03T15:39:27","guid":{"rendered":"https:\/\/hardcore-gates.51-91-120-226.plesk.page\/?page_id=7"},"modified":"2025-05-13T12:48:52","modified_gmt":"2025-05-13T10:48:52","slug":"accueil","status":"publish","type":"page","link":"https:\/\/hardcore-gates.51-91-120-226.plesk.page\/","title":{"rendered":"Accueil"},"content":{"rendered":"<div class=\"wpb-content-wrapper\"><p>[vc_row el_id=\u00a0\u00bbfaq\u00a0\u00bb][vc_column][vc_empty_space][vc_column_text css=\u00a0\u00bb\u00a0\u00bb]<\/p>\n<h2>Questions fr\u00e9quentes<\/h2>\n<p>[\/vc_column_text][vc_separator color=\u00a0\u00bbcustom\u00a0\u00bb css=\u00a0\u00bb\u00a0\u00bb accent_color=\u00a0\u00bb#0346D5&Prime;][vc_row_inner gap=\u00a0\u00bb20&Prime;][vc_column_inner width=\u00a0\u00bb1\/2&Prime;][vc_column_text css=\u00a0\u00bb\u00a0\u00bb]<\/p>\n<h4>Quelle est la date d&rsquo;ouverture des mus\u00e9es de la Cit\u00e9 des Pr\u00e9sents Fran\u00e7ois Mitterrand\u00a0?<\/h4>\n<p>Les mus\u00e9es de la mode et des cadeaux pr\u00e9sidentiels ouvriront au printemps 2026.<\/p>\n<p>&nbsp;<\/p>\n<h4>Les activit\u00e9s de la programmation sont-elles payantes\u00a0?<\/h4>\n<p>Dans l&rsquo;attente de l&rsquo;ouverture des mus\u00e9es en 2026, l&rsquo;ensemble de la programmation culturelle de la Cit\u00e9 des Pr\u00e9sents Fran\u00e7ois Mitterrand est gratuite. Vous ne paierez pas de billet d&rsquo;entr\u00e9e.<\/p>\n<p>&nbsp;<\/p>\n<h4>La Cit\u00e9 des Pr\u00e9sents Fran\u00e7ois Mitterrand est-elle accessible aux personnes \u00e0 mobilit\u00e9 r\u00e9duite\u00a0?<\/h4>\n<p>L&rsquo;ensemble des espaces accessibles pour la programmation culturelle (pavillon d&rsquo;accueil, salle de m\u00e9diation, jardins) sont accessibles aux fauteuils roulants.[\/vc_column_text][\/vc_column_inner][vc_column_inner width=\u00a0\u00bb1\/2&Prime;][vc_column_text css=\u00a0\u00bb\u00a0\u00bb]<\/p>\n<h4>Quels sont les espaces de la Cit\u00e9 des Pr\u00e9sents Fran\u00e7ois Mitterrand ouverts au public en 2025\u00a0?<\/h4>\n<p>Le pavillon d&rsquo;accueil, le jardin haut et la salle de m\u00e9diation accueillent en 2025 les activit\u00e9s de la programmation culturelle de la Cit\u00e9 des Pr\u00e9sents Fran\u00e7ois Mitterrand, ils sont ouverts au public dans ce cadre.<\/p>\n<p>Le rez-de-chauss\u00e9e de la Maison du Morvan et le jardin bas sont quant \u00e0 eux librement accessibles aux jours et heures d&rsquo;ouverture de l&rsquo;Office de Tourisme.<\/p>\n<p>&nbsp;<\/p>\n<h4>Vous n&rsquo;avez pas trouv\u00e9 la r\u00e9ponse \u00e0 votre question\u00a0?<\/h4>\n<p>[\/vc_column_text]<style type=\"text\/css\" data-type=\"the7_shortcodes-inline-css\">#default-btn-a308d183ea506c0781c0208f59d572cf.ico-right-side > i {\n  margin-right: 0px;\n  margin-left: 8px;\n}\n#default-btn-a308d183ea506c0781c0208f59d572cf > i {\n  margin-right: 8px;\n}\n<\/style><a href=\"#\" class=\"default-btn-shortcode dt-btn dt-btn-m link-hover-off btn-inline-left  vc_custom_1747053043011\" id=\"default-btn-a308d183ea506c0781c0208f59d572cf\"><span>contactez-nous<\/span><\/a>[\/vc_column_inner][\/vc_row_inner][\/vc_column][\/vc_row]<\/p>\n<\/div>","protected":false},"excerpt":{"rendered":"<p>[vc_row el_id=\u00a0\u00bbfaq\u00a0\u00bb][vc_column][vc_empty_space][vc_column_text css=\u00a0\u00bb\u00a0\u00bb] Questions fr\u00e9quentes [\/vc_column_text][vc_separator color=\u00a0\u00bbcustom\u00a0\u00bb css=\u00a0\u00bb\u00a0\u00bb accent_color=\u00a0\u00bb#0346D5&Prime;][vc_row_inner gap=\u00a0\u00bb20&Prime;][vc_column_inner width=\u00a0\u00bb1\/2&Prime;][vc_column_text css=\u00a0\u00bb\u00a0\u00bb] Quelle est la date d&rsquo;ouverture des mus\u00e9es de la Cit\u00e9 des Pr\u00e9sents Fran\u00e7ois Mitterrand\u00a0? Les mus\u00e9es de la mode et des cadeaux pr\u00e9sidentiels ouvriront au printemps 2026. &nbsp; Les activit\u00e9s de la programmation sont-elles payantes\u00a0? Dans l&rsquo;attente de l&rsquo;ouverture des mus\u00e9es en 2026,&hellip;<\/p>\n","protected":false},"author":1,"featured_media":0,"parent":0,"menu_order":0,"comment_status":"closed","ping_status":"closed","template":"","meta":{"footnotes":""},"class_list":["post-7","page","type-page","status-publish","hentry","description-off"],"_links":{"self":[{"href":"https:\/\/hardcore-gates.51-91-120-226.plesk.page\/index.php\/wp-json\/wp\/v2\/pages\/7","targetHints":{"allow":["GET"]}}],"collection":[{"href":"https:\/\/hardcore-gates.51-91-120-226.plesk.page\/index.php\/wp-json\/wp\/v2\/pages"}],"about":[{"href":"https:\/\/hardcore-gates.51-91-120-226.plesk.page\/index.php\/wp-json\/wp\/v2\/types\/page"}],"author":[{"embeddable":true,"href":"https:\/\/hardcore-gates.51-91-120-226.plesk.page\/index.php\/wp-json\/wp\/v2\/users\/1"}],"replies":[{"embeddable":true,"href":"https:\/\/hardcore-gates.51-91-120-226.plesk.page\/index.php\/wp-json\/wp\/v2\/comments?post=7"}],"version-history":[{"count":6,"href":"https:\/\/hardcore-gates.51-91-120-226.plesk.page\/index.php\/wp-json\/wp\/v2\/pages\/7\/revisions"}],"predecessor-version":[{"id":129,"href":"https:\/\/hardcore-gates.51-91-120-226.plesk.page\/index.php\/wp-json\/wp\/v2\/pages\/7\/revisions\/129"}],"wp:attachment":[{"href":"https:\/\/hardcore-gates.51-91-120-226.plesk.page\/index.php\/wp-json\/wp\/v2\/media?parent=7"}],"curies":[{"name":"wp","href":"https:\/\/api.w.org\/{rel}","templated":true}]}}

<div class="wpb-content-wrapper"><p>[vc_row el_id= »faq »][vc_column][vc_empty_space][vc_column_text css= » »]</p>
<h2>Questions fréquentes</h2>
<p>[/vc_column_text][vc_separator color= »custom » css= » » accent_color= »#0346D5&Prime;][vc_row_inner gap= »20&Prime;][vc_column_inner width= »1/2&Prime;][vc_column_text css= » »]</p>
<h4>Quelle est la date d&rsquo;ouverture des musées de la Cité des Présents François Mitterrand ?</h4>
<p>Les musées de la mode et des cadeaux présidentiels ouvriront au printemps 2026.</p>
<p>&nbsp;</p>
<h4>Les activités de la programmation sont-elles payantes ?</h4>
<p>Dans l&rsquo;attente de l&rsquo;ouverture des musées en 2026, l&rsquo;ensemble de la programmation culturelle de la Cité des Présents François Mitterrand est gratuite. Vous ne paierez pas de billet d&rsquo;entrée.</p>
<p>&nbsp;</p>
<h4>La Cité des Présents François Mitterrand est-elle accessible aux personnes à mobilité réduite ?</h4>
<p>L&rsquo;ensemble des espaces accessibles pour la programmation culturelle (pavillon d&rsquo;accueil, salle de médiation, jardins) sont accessibles aux fauteuils roulants.[/vc_column_text][/vc_column_inner][vc_column_inner width= »1/2&Prime;][vc_column_text css= » »]</p>
<h4>Quels sont les espaces de la Cité des Présents François Mitterrand ouverts au public en 2025 ?</h4>
<p>Le pavillon d&rsquo;accueil, le jardin haut et la salle de médiation accueillent en 2025 les activités de la programmation culturelle de la Cité des Présents François Mitterrand, ils sont ouverts au public dans ce cadre.</p>
<p>Le rez-de-chaussée de la Maison du Morvan et le jardin bas sont quant à eux librement accessibles aux jours et heures d&rsquo;ouverture de l&rsquo;Office de Tourisme.</p>
<p>&nbsp;</p>
<h4>Vous n&rsquo;avez pas trouvé la réponse à votre question ?</h4>
<p>[/vc_column_text]<style type="text/css" data-type="the7_shortcodes-inline-css">#default-btn-a308d183ea506c0781c0208f59d572cf.ico-right-side > i {
  margin-right: 0px;
  margin-left: 8px;
}
#default-btn-a308d183ea506c0781c0208f59d572cf > i {
  margin-right: 8px;
}
</style><a href="#" class="default-btn-shortcode dt-btn dt-btn-m link-hover-off btn-inline-left  vc_custom_1747053043011" id="default-btn-a308d183ea506c0781c0208f59d572cf"><span>contactez-nous</span></a>[/vc_column_inner][/vc_row_inner][/vc_column][/vc_row]</p>
</div>

<p>[vc_row el_id= »faq »][vc_column][vc_empty_space][vc_column_text css= » »] Questions fréquentes [/vc_column_text][vc_separator color= »custom » css= » » accent_color= »#0346D5&Prime;][vc_row_inner gap= »20&Prime;][vc_column_inner width= »1/2&Prime;][vc_column_text css= » »] Quelle est la date d&rsquo;ouverture des musées de la Cité des Présents François Mitterrand ? Les musées de la mode et des cadeaux présidentiels ouvriront au printemps 2026. &nbsp; Les activités de la programmation sont-elles payantes ? Dans l&rsquo;attente de l&rsquo;ouverture des musées en 2026,&hellip;</p>
