{"id":67,"date":"2025-03-06T15:54:13","date_gmt":"2025-03-06T14:54:13","guid":{"rendered":"https:\/\/hardcore-gates.51-91-120-226.plesk.page\/?page_id=67"},"modified":"2025-05-13T10:58:11","modified_gmt":"2025-05-13T08:58:11","slug":"contact","status":"publish","type":"page","link":"https:\/\/hardcore-gates.51-91-120-226.plesk.page\/index.php\/contact\/","title":{"rendered":"Nous contacter"},"content":{"rendered":"<div class=\"wpb-content-wrapper\"><p>[vc_row][vc_column width=\u00a0\u00bb1\/3&Prime;][vc_column_text css=\u00a0\u00bb\u00a0\u00bb]<strong>Cit\u00e9 des Pr\u00e9sents &#8211; Fran\u00e7ois MITTERRAND<\/strong><br \/>\n6 place Saint-Christophe<br \/>\n58120 Ch\u00e2teau-Chinon (Ville)<\/p>\n<p><i class=\"fas fa-phone-alt\"><\/i> 03 86 69 51 70<\/p>\n<p><i class=\"fas fa-envelope\"><\/i> <a href=\"mailto:citedespresents@nievre.fr\">citedespresents@nievre.fr<\/a>[\/vc_column_text][\/vc_column][vc_column width=\u00a0\u00bb2\/3&Prime;][vc_goo_maps location=\u00a0\u00bbCit\u00e9 des Pr\u00e9sents, 6 Pl. Saint-Christophe, 58120 Ch\u00e2teau-Chinon (Ville)\u00a0\u00bb height=\u00a0\u00bb400&Prime; zoom=\u00a0\u00bb15&Prime; css=\u00a0\u00bb\u00a0\u00bb][\/vc_column][\/vc_row]<\/p>\n<\/div>","protected":false},"excerpt":{"rendered":"<p>[vc_row][vc_column width=\u00a0\u00bb1\/3&Prime;][vc_column_text css=\u00a0\u00bb\u00a0\u00bb]Cit\u00e9 des Pr\u00e9sents &#8211; Fran\u00e7ois MITTERRAND 6 place Saint-Christophe 58120 Ch\u00e2teau-Chinon (Ville) 03 86 69 51 70 citedespresents@nievre.fr[\/vc_column_text][\/vc_column][vc_column width=\u00a0\u00bb2\/3&Prime;][vc_goo_maps location=\u00a0\u00bbCit\u00e9 des Pr\u00e9sents, 6 Pl. Saint-Christophe, 58120 Ch\u00e2teau-Chinon (Ville)\u00a0\u00bb height=\u00a0\u00bb400&Prime; zoom=\u00a0\u00bb15&Prime; css=\u00a0\u00bb\u00a0\u00bb][\/vc_column][\/vc_row]<\/p>\n","protected":false},"author":1,"featured_media":0,"parent":0,"menu_order":0,"comment_status":"closed","ping_status":"closed","template":"","meta":{"footnotes":""},"class_list":["post-67","page","type-page","status-publish","hentry","description-off"],"_links":{"self":[{"href":"https:\/\/hardcore-gates.51-91-120-226.plesk.page\/index.php\/wp-json\/wp\/v2\/pages\/67","targetHints":{"allow":["GET"]}}],"collection":[{"href":"https:\/\/hardcore-gates.51-91-120-226.plesk.page\/index.php\/wp-json\/wp\/v2\/pages"}],"about":[{"href":"https:\/\/hardcore-gates.51-91-120-226.plesk.page\/index.php\/wp-json\/wp\/v2\/types\/page"}],"author":[{"embeddable":true,"href":"https:\/\/hardcore-gates.51-91-120-226.plesk.page\/index.php\/wp-json\/wp\/v2\/users\/1"}],"replies":[{"embeddable":true,"href":"https:\/\/hardcore-gates.51-91-120-226.plesk.page\/index.php\/wp-json\/wp\/v2\/comments?post=67"}],"version-history":[{"count":3,"href":"https:\/\/hardcore-gates.51-91-120-226.plesk.page\/index.php\/wp-json\/wp\/v2\/pages\/67\/revisions"}],"predecessor-version":[{"id":122,"href":"https:\/\/hardcore-gates.51-91-120-226.plesk.page\/index.php\/wp-json\/wp\/v2\/pages\/67\/revisions\/122"}],"wp:attachment":[{"href":"https:\/\/hardcore-gates.51-91-120-226.plesk.page\/index.php\/wp-json\/wp\/v2\/media?parent=67"}],"curies":[{"name":"wp","href":"https:\/\/api.w.org\/{rel}","templated":true}]}}